7
Calculate (0 - 4) + 3 + -1 - -6.
4
What is the value of (-2 - 0) + 16 + -17?
-3
What is 2 + 3 + (-20 - -14)?
-1
What is the value of -4 - (4 - 0 - 13)?
5
What is the value of (-66 - -75) + (-2 - (16 - -2))?
-11
Evaluate 2 - (3 - -4) - -1.
-4
Evaluate (0 + 3 - 0) + 0.
3
What is the value of -5 + -3 + 18 - 2?
8
Calculate (-1 - 3) + 6 - (4 + 1).
-3
What is (-10 - -18) + -6 + 2?
4
Calculate -5 + 3 - (6 - 5 - -3).
-6
0 + (0 - (6 - 3)) + 5
2
What is -5 + 2 + 6 + 0 + 2?
5
(-6 + 7 - 7) + 5 - 4
-5
(-8 - -6) + 6 - (9 + 1)
-6
Evaluate (-2 - 0) + 6 - (-30 - -29).
5
Evaluate -2 + -6 - (3 - 1 - 5).
-5
Evaluate -13 + 4 + 9 + -5.
-5
What is 0 + -5 + 9 + 0?
4
Calculate 0 + 4 + 0 - (7 + -8).
5
Calculate -1 + (-9 - -1 - (31 - 33)).
-7
11 + -4 + -5 - 1 - -8
9
What is the value of 0 + (1 - -1) + -2 - 0?
0
Calculate (12 - 14) + -13 + 7.
-8
What is -14 + 13 - (4 - 0)?
-5
Calculate 11 + -17 + 8 - -1.
3
-5 + -4 - (-1 - 0) - -16
8
What is the value of -6 - (1 + 0 - 3)?
-4
What is 5 + (-1 - 14 - -3) + 11?
4
-20 - (1 - 17) - (-1 - -5)
-8
Evaluate 1 + -6 + 3 - -2 - 4.
-4
-2 - ((-2 - -5) + -2 - 5)
2
What is 0 + 5 + -3 + 3?
5
What is the value of 0 + -5 - (4 + -7)?
-2
-12 - -7 - -11 - (2 - 1)
5
What is -3 + (-3 - (-2 + 1))?
-5
-3 + (1 - 1) + 0
-3
What is the value of 3 - (3 + -3 + 5 + -3)?
1
What is 0 + 0 + -8 - -2?
-6
Calculate -4 + (4 - (4 + -6)).
2
What is 3 + (-3 - 2) - 2?
-4
Calculate (-18 - -8 - -8) + (1 - 3).
-4
3 - 4 - (1 + -7)
5
Evaluate 5 + -9 + 4 + 5.
5
What is -6 + -2 + -8 + 21?
5
Evaluate 2 + 2 - (2 - -2).
0
Evaluate (-3 + (2 - 4) - -5) + 5.
5
Calculate 1 + 4 + (-2 - -1 - -1).
5
What is the value of -3 + 11 + -2 + -4?
2
What is the value of (5 - (-1 - -3)) + (2 - 4)?
1
What is the value of 1 + -2 - (-2 - 0 - -4)?
-3
What is 0 - -7 - 0 - (29 + -32)?
10
4 - (-2 - (-2 - 4))
0
What is (1 - (0 + -3)) + -10 - -2?
-4
What is the value of -3 + 7 - (0 + 5) - 3?
-4
What is 2 + 0 - ((-7 - -4) + 6)?
-1
What is the value of 2 + (1 - 0) + -3 - -1?
1
Evaluate -4 + 7 + -2 + 4.
5
Calculate 0 + 5 + -5 + (12 - 9).
3
Evaluate 0 + (-9 - (-7 + -5)).
3
0 - (13 + -7) - (-7 - 3)
4
What is the value of -1 - -1 - (-5 - -3)?
2
Calculate 5 + (0 - -2) + -2 + -6.
-1
What is the value of -1 + (-4 + 3 - 3)?
-5
(4 - 7) + (-2 - -7)
2
(-1 - (-6 + 5)) + -2 + 0
-2
What is -2 + -3 + 9 + 2?
6
Evaluate 20 - (-3 - -25 - 8).
6
What is -6 - -7 - (-5 - (-10 - -4))?
0
Calculate (3 - -1 - 11) + 3.
-4
Calculate 6 + -9 + (9 - (2 + -1)).
5
Evaluate (6 - (18 + -6)) + 5.
-1
Evaluate 3 + 1 + 1 - (2 - -7).
-4
-32 + 36 + (0 - (6 - 1))
-1
8 - (4 - (11 + -12))
3
Evaluate -3 + 0 + 20 + -16.
1
What is the value of -1 + 1 + -2 + 0 + 3?
1
(-1 - (4 + -9)) + -7
-3
What is 1 + 3 - (-2 + -5 + 6)?
5
What is (-6 + -5 - -12) + (-2 - -3)?
2
Calculate -5 - 3 - ((3 - 1) + -5).
-5
Calculate -11 - (-4 + 2 + -5).
-4
Calculate (3 - (5 + -1) - 1) + -3.
-5
What is the value of 1 - -1 - 6 - (-10 - -6)?
0
1 + -2 + -3 + 6
2
What is the value of (0 - 6) + (0 - (6 + -4))?
-8
-14 + 10 + (-2 - -3)
-3
0 + -21 + 25 + -1 + -1
2
What is -2 + 0 - (-7 - (-11 - -9))?
3
Calculate 2 + 1 + -5 + 0.
-2
What is the value of 3 + 3 + -2 + -1?
3
What is the value of (-3 + 0 - (-16 + 8)) + 1?
6
What is the value of -1 - -11 - (-17 - -21)?
6
4 + (-4 - (-3 - (-5 - -1)))
-1
Calculate (11 - 1) + (-68 - -58).
0
What is the value of -13 + -1 + 7 + (0 - -2)?
-5
What is the value of 2 - (-16 + 18 - (-1 + -3))?
-4
5 + (-1 - (5 + 0))
-1
0 - (4 + -2 + 3)
-5
6 + 1 + -6 - -2 - 4
-1
What is the value of 26 + -28 - (0 - -1)?
-3
What is (1 - (5 - (-3 + 6))) + -4?
-5
Evaluate 1 + ((6 - 4) + -2 - -2).
3
What is 4 + -4 - (32 + -35)?
3
Calculate -4 + 1 + 0 - (8 - 7).
-4
What is the value of 0 - (-3 + -2 + 6)?
-1
Evaluate 1 + 11 - (-20 + (23 - -4)).
5
Evaluate (4 - (-5 - -2 - 0)) + -5.
2
-5 - -12 - 0 - 3
4
What is (-1 - -5) + (-5 - 1)?
-2
-17 - -6 - -6 - -4
-1
What is -4 - (-7 - -2 - -5)?
-4
Evaluate 3 + -11 + -16 + 19 + 0.
-5
What is 4 - (2 - (3 + -3))?
2
What is 19 - 18 - (5 + -2 + 1)?
-3
-3 + (-3 - (2 + -17 + 4))
5
-1 - (10 + (-20 - 2))
11
What is -1 - (1 + (2 - 2) + -3)?
1
What is (-1 - 1) + (4 + -3 - -2)?
1
Evaluate 4 + -5 + 0 - -5.
4
(0 - 3 - 4) + (-13 - -12)
-8
What is the value of (1 + (1 - 1) - 4) + 1?
-2
-10 + 4 + (-1 - -4 - -1)
-2
Evaluate (-1 - 0) + (6 - 1).
4
Evaluate (-14 - -22) + -2 + -1 + 0.
5
Evaluate -3 - ((-1 - 1) + 1 + 0).
-2
What is 1 + (8 - 4) + -4?
1
Calculate 0 - (2 + -5) - -1.
4
Evaluate -2 + -1 + 4 + 0.
1
1 + (-4 - 1) - (62 + -64)
-2
What is the value of 15 + 9 + -9 + 2 + -8?
9
Calculate -5 - -5 - (-3 - -1) - 4.
-2
What is the value of (-8 - 0) + (-17 - -25) + 8?
8
Calculate -7 + 3 + 0 + -2 + 1.
-5
What is the value of -1 + (7 - 0) + (0 - 3)?
3
4 + 2 - 0 - (-1 - -8)
-1
1 + -6 + 0 + 8 + 5
8
0 + -2 + 3 - (-16 + 9)
8
What is (-1 - -3) + -1 + (-3 - -5)?
3
Calculate 0 - (-6 - -7 - -5).
-6
What is the value of 7 + 1 - (3 - (-4 + 5))?
6
-8 - ((-3 - 3) + 3)
-5
What is the value of 1 + 3 - (-1 - -2)?
3
7 + (6 - 29) + 3 - -2
-11
Calculate -7 + 7 + -1 + (-1 - -2).
0
What is the value of 6 + -10 + (9 - 2)?
3
What is -3 + (12 - (5 - -1))?
3
Calculate (0 - -7) + -38 + 25.
-6
What is (5 - 1) + (-24 - -25)?
5
What is the value of 13 - (4 + 7 + -3)?
5
What is -12 - -2 - (-17 + 13) - 4?
-10
4 - (2 - (-3 + 3))
2
Evaluate (-2 - 0) + (-2 - (-8 - -2)).
2
What is the value of -3 - (-3 - (3 + -5) - 0)?
-2
Calculate (-4 + 5 - -1 - -3) + -2.
3
What is the value of 5 - 4 - (-8 - -7)?
2
Evaluate 27 + -3 + -6 - (2 + 6).
10
Calculate -10 + 6 + 6 + -3.
-1
Calculate -7 + 3 + 4 - 2.
-2
What is the value of 2 + (-1 + -6 - (-54 + 51))?
-2
What is 72 + -74 + 1 + 1?
0
What is (3 - 4 - 1) + 2?
0
What is -9 + 7 + -2 + (-3 - -4)?
-3
(4 - (-5 - -18)) + 5 - -8
4
What is the value of 2 + -1 + -29 + 24?
-4
Calculate (0 - 0) + (-3 - (2 + -6)).
1
What is -3 + (6 - 2) + -5 - -1?
-3
3 + -2 + 14 + (-11 - -2)
6
Evaluate -4 - -6 - (-3 - -9) - -5.
1
Calculate 4 + 0 + -12 + 3.
-5
3 - (-1 - -2) - (7 + -6)
1
What is the value of -6 - (4 + -7) - (8 + -14)?
3
What is (-10 - -3) + 11 + -9 - 1?
-6
Evaluate -4 + -1 - (10 + -10).
-5
Evaluate 1 - (7 + (3 - 3) + -11).
5
Evaluate 10 + -4 + (-1 - (2 - -1)).
2
What is the value of -2 + 3 + -10 + 3?
-6
What is the value of (-9 - -21) + -9 + -7?
-4
Calculate -1 + -8 - (5 + -5).
-9
Calculate -6 + 5 + (2 - 6 - -5).
0
Calculate (-3 - (4 + 0)) + -4.
-11
-1 + 2 - (-1 + 6)
-4
Evaluate 10 + -7 + (-9 - -4) + 6.
4
What is the value of -1 + (10 - (-5 + 5) - 2)?
7
What is (-2 - (-1 + 1)) + (-41 - -37)?
-6
Calculate -2 - 1 - (-3 - 1).
1
Evaluate -13 + (8 - -12) + -6 + 1.
2
What is the value of (3 - 0) + -3 - (1 - -1)?
-2
Evaluate (2 - (7 - (3 + -1))) + 5.
2
What is (13 - 11) + 5 + (-5 - 0)?
2
7 + -1 - (-3 - -14)
-5
Evaluate (-1 + -1 - -5) + 2 + 0.
5
Evaluate 0 + 3 - (4 + -10 - -4).
5
What is -6 + 20 + -7 - -2?
9
13 - 1 - (-54 + 75)
-9
11 - (5 - -6 - 5)
5
6 + (-3 - -3) + -3
3
Evaluate 1 + 2 + -2 + -2 + -3.
-4
What is the value of (13 - 13) + (-2 - (-2 + 1))?
-1
Evaluate 0 + 9 + (-4 - -7) + -7.
5
(12 - 14) + -3 + -2 + 2
-5
What is -4 - (-1 - -3 - 2)?
-4
Calculate -4 - (-10 - (-3 + -4)).
-1
What is the value of 2 - (-3 + 0 + 2)?
3
Evaluate 0 + -4 + (1 - -7) - 4.
0
-4 - (-6 - (-6 + 7))
3
Evaluate 2 + -6 + (2 - 5) + 6.
-1
Calculate 0 + 5 + (-2 + -4 - -8).
7
3 - 2 - (-3 + 5 + -3)
2
Evaluate 6 + (9 - (-5 - (-19 + 7))).
8
What is -2 - (2 - (-3 + 6 + -4))?
-5
What is the value of 4 - (3 + 0 + -1)?
2
(6 - -2) + -8 - 0
0
What is the value of -5 + (-16 - -28 - (7 - 1))?
1
6 + -2 + 1 - 5
0
Calculate -15 - (-12 - (-16 - -10)).
-9
-2 + (-2 - -4) - -2
2
Calculate -5 - (6 - 4) - (8 - 6).
-9
What is 0 + (1 - 2) - -3?
2
(0 - -4) + 9 + -14
-1
What is -1 + 1 + 3 + (-10 - -8)?
1
Evaluate -13 + (0 - -7) - -7.
1
Evaluate -2 - (11 + -7) - -6 - -8.
8
(-5 - (-3 - 4)) + 2 + 6
10
-5 - (4 - (-6 - -15))
0
(5 - (-11 + -1)) + -11
6
Calculate 17 + -18 + -4 + -3.
-8
Evaluate -2 + 0 - -2 - (-26 + 27).
-1
What is -12 - (-11 - -5) - -1?
-5
0 - 3 - (-33 + 33)
-3
What is the value of (-2 + -10 - -6) + (-3 - -9)?
0
-22 + 21 + -12 - -13
0
Evaluate 2 + (-1 - -1) + 2 + 1.
5
Evaluate -10 + 8 + (-2 - -4).
0
Calculate -4 + (3 + -4 - -1).
-4
Evaluate 7 + (1 - (4 + -6 - -5)).
5
What is the value of 119 + -112 - (1 + 11)?
-5
What is 1 - (6 + -2 + -6 + 4)?
-1
Evaluate 1 - (6 + -10) - 11.
-6
Calculate 7 + -10 + (0 + 1 - 1).
-3
